{"id":110638,"date":"2022-06-06T17:08:26","date_gmt":"2022-06-06T17:08:26","guid":{"rendered":"https:\/\/www.groupeunimage.com\/?page_id=110638"},"modified":"2022-06-06T17:08:26","modified_gmt":"2022-06-06T17:08:26","slug":"pathologies-du-genou","status":"publish","type":"page","link":"https:\/\/www.groupeunimage.com\/?page_id=110638","title":{"rendered":"Pathologies du genou"},"content":{"rendered":"<div class=\"wpb-content-wrapper\"><p>[vc_row][vc_column column_width_percent=\u00a0\u00bb100&Prime; position_horizontal=\u00a0\u00bbleft\u00a0\u00bb position_vertical=\u00a0\u00bbmiddle\u00a0\u00bb gutter_size=\u00a0\u00bb3&Prime; style=\u00a0\u00bblight\u00a0\u00bb overlay_alpha=\u00a0\u00bb50&Prime; shift_x=\u00a0\u00bb0&Prime; shift_y=\u00a0\u00bb0&Prime; shift_y_down=\u00a0\u00bb0&Prime; z_index=\u00a0\u00bb0&Prime; medium_width=\u00a0\u00bb0&Prime; mobile_width=\u00a0\u00bb0&Prime; width=\u00a0\u00bb1\/1&Prime; uncode_shortcode_id=\u00a0\u00bb110576&Prime;][vc_button border_width=\u00a0\u00bb0&Prime; link=\u00a0\u00bburl:%2Fformation-medicale-continue%2F|title:Formation%20m%C3%A9dicale%20continue\u00a0\u00bb uncode_shortcode_id=\u00a0\u00bb188375&Prime;]\u00ab Retour formation m\u00e9dicale continue[\/vc_button][vc_column_text uncode_shortcode_id=\u00a0\u00bb168124&Prime;]Les pathologies du genou et en particulier l&rsquo;arthrose d\u00e9g\u00e9n\u00e9rative sont de plus en plus fr\u00e9quentes notamment chez des patients de plus en plus jeunes souffrant souvent d&rsquo;ob\u00e9sit\u00e9, ou encore suite \u00e0 des traumatismes du genou qui occasionnent des l\u00e9sions m\u00e9niscales, ligamentaires, cartilagineuses ou osseuses, fr\u00e9quemment multiples. Apr\u00e8s les radiographies, l&rsquo;IRM est l&rsquo;examen de choix pour l&rsquo;\u00e9tude du genou. L&rsquo;apport de l&rsquo;\u00e9chographie est tr\u00e8s limit\u00e9 pour l&rsquo;\u00e9valuation des structures intra-articulaires et ne sera utile que pour des demandes d&rsquo;\u00e9valuation cibl\u00e9e de tendons (quadricipital, patellaire, semi-membraneux, biceps femoris, \u00ab de la patte d\u2019oie \u00bb) ou de masses p\u00e9riarticulaires.[\/vc_column_text][vc_empty_space empty_h=\u00a0\u00bb1&Prime;][\/vc_column][\/vc_row]<\/p>\n<\/div>","protected":false},"excerpt":{"rendered":"<p>[vc_row][vc_column column_width_percent=\u00a0\u00bb100&Prime; position_horizontal=\u00a0\u00bbleft\u00a0\u00bb position_vertical=\u00a0\u00bbmiddle\u00a0\u00bb gutter_size=\u00a0\u00bb3&Prime; style=\u00a0\u00bblight\u00a0\u00bb overlay_alpha=\u00a0\u00bb50&Prime; shift_x=\u00a0\u00bb0&Prime; shift_y=\u00a0\u00bb0&Prime; shift_y_down=\u00a0\u00bb0&Prime; z_index=\u00a0\u00bb0&Prime; medium_width=\u00a0\u00bb0&Prime; mobile_width=\u00a0\u00bb0&Prime; width=\u00a0\u00bb1\/1&Prime; uncode_shortcode_id=\u00a0\u00bb110576&Prime;][vc_button border_width=\u00a0\u00bb0&Prime; link=\u00a0\u00bburl:%2Fformation-medicale-continue%2F|title:Formation%20m%C3%A9dicale%20continue\u00a0\u00bb uncode_shortcode_id=\u00a0\u00bb188375&Prime;]\u00ab Retour formation [&hellip;]<\/p>\n","protected":false},"author":1,"featured_media":0,"parent":0,"menu_order":0,"comment_status":"closed","ping_status":"closed","template":"","meta":{"footnotes":""},"class_list":["post-110638","page","type-page","status-publish","hentry","page_category-formation-medicale-continue","page_category-medecin"],"_links":{"self":[{"href":"https:\/\/www.groupeunimage.com\/index.php?rest_route=\/wp\/v2\/pages\/110638","targetHints":{"allow":["GET"]}}],"collection":[{"href":"https:\/\/www.groupeunimage.com\/index.php?rest_route=\/wp\/v2\/pages"}],"about":[{"href":"https:\/\/www.groupeunimage.com\/index.php?rest_route=\/wp\/v2\/types\/page"}],"author":[{"embeddable":true,"href":"https:\/\/www.groupeunimage.com\/index.php?rest_route=\/wp\/v2\/users\/1"}],"replies":[{"embeddable":true,"href":"https:\/\/www.groupeunimage.com\/index.php?rest_route=%2Fwp%2Fv2%2Fcomments&post=110638"}],"version-history":[{"count":1,"href":"https:\/\/www.groupeunimage.com\/index.php?rest_route=\/wp\/v2\/pages\/110638\/revisions"}],"predecessor-version":[{"id":110639,"href":"https:\/\/www.groupeunimage.com\/index.php?rest_route=\/wp\/v2\/pages\/110638\/revisions\/110639"}],"wp:attachment":[{"href":"https:\/\/www.groupeunimage.com\/index.php?rest_route=%2Fwp%2Fv2%2Fmedia&parent=110638"}],"curies":[{"name":"wp","href":"https:\/\/api.w.org\/{rel}","templated":true}]}}